 the second derivative of p**4/6 - 5*p**3/3 - 33*p**2 - 19*p - 4. Let r be l(9). Let m(w) = -3 - 4 + 1 + 2*w. What is m(r)?
6
Let p(c) = c**3 - 50*c**2 + 299*c + 20. Let o be p(7). Let d(q) = -3*q**2 + 20*q - 8. Calculate d(o).
4
Let w = 14466 + -14461. Let s(h) = 12*h - 3. Calculate s(w).
57
Let a(z) = -z**2 + 19*z + 52. Let r be a(26). Let x = 132 + r. Let g(l) = -x*l - 8 - 2*l**3 - 11 + 17 + 5*l**2 - l**2. Calculate g(2).
-6
Let b(n) = 9 + 4*n**3 + 3*n + 82745*n**2 - 82738*n**2 - 3*n**3. Suppose 2*f - 7 - 4 = 3*j, -2*j - 29 = 3*f. Give b(j).
-12
Let d(h) be the third derivative of h**5/60 + h**4/24 - h**3/6 - 111*h**2 + h - 17. Suppose 0 = -3*k - 15 + 3. Let j = 1 + k. Calculate d(j).
5
Let l(w) = 4*w**3 - 8*w**2 + 9*w - 10. Let o(m) = m**3. Let n(t) = l(t) - 3*o(t). Suppose -160 = 2*u + 170. Let i be (-214)/(-30) + 22/u. Determine n(i).
4
Let u(j) = 4*j**2 - 6*j + 1. Let d be u(3). Suppose 4*p = -16, 7 = -k - 5*p - d. Let n(c) = c + 5 - 3*c + 4*c. What is n(k)?
-7
Let z(q) = q**2 - 12*q. Let n be z(11). Let o(x) be the second derivative of -x**4/12 - 2*x**3 - 9*x**2 - 2*x + 637. Give o(n).
-7
Let i(x) be the first derivative of 3*x**2/2 + 77*x - 3092. Determine i(-25).
2
Let b(i) = -4*i**2 + 28*i - 9. Let n(z) = -19*z**2 + 139*z - 47. Let m(a) = -14*b(a) + 3*n(a). Determine m(24).
9
Let m(y) = 2*y**2 - 6*y - 5. Let d(q) be the second derivative of q**3/6 - 5*q**2 + 4*q. Let x be d(14). Let n(b) = 5*b - 15. Let u be n(x). Determine m(u).
15
Let n(t) = 30*t**2 + 58*t - 11 - 64*t - 29*t**2. What is n(-7)?
80
Let d(f) = f**2 + 10*f + 6. Suppose -7*v + 17 = -25. Let h be (-30)/(-50)*5*(-16)/v. Determine d(h).
-10
Let w be ((-21)/5)/((-3)/(-5)). Let y(g) = g + 9. Give y(w).
2
Let h(q) = -4*q**3 + 8*q**3 + 599*q**2 - 591*q**2 + 0*q**3 + 4*q - 11 - 3*q**3. Calculate h(-7).
10
Let x(s) be the first derivative of -s**4/4 + s**3/3 + s**2/2 - 5*s + 429. Calculate x(2).
-7
Let u(y) = 81 - 1892*y + 3762*y - y**2 - 1870*y. Give u(9).
0
Let b(i) be the first derivative of -1 - 1/2*i**4 - 2*i**2 - 2/3*i**3 - 3*i. Let k be 296/37 - (1 - -9). Determine b(k).
13
Let a(g) be the second derivative of -g**4/12 - 2*g**3 - 9*g**2/2 - 332*g. Give a(-10).
11
Suppose -15 = 4*u - n - 49, -2*u - n = -20. Let i(v) = -16 + v**2 + 10 + u + 3*v - 1. Give i(-4).
6
Let z(g) = 2*g**2 - 185*g + 276. Let u be z(91). Let a(c) = -11*c + 48. What is a(u)?
15
Let t(w) = w**2 + 12*w - 2. Let i(u) = -u**2 + 104*u - 11. Let c(n) = -i(n) + 7*t(n). Calculate c(2).
-11
Let d(u) = 2*u**2 + 2*u + 11. Let z(g) = -4*g**2 - 5*g - 24. Let a(b) = 9*d(b) + 4*z(b). Suppose 0 = -5*j - 2*c - 78 + 113, -3*c - 10 = -5*j. Calculate a(j).
43
Let s(j) be the third derivative of j**6/60 + 11*j**5/30 + 11*j**4/12 + 2*j**3 + 572*j**2 - 2. Calculate s(-10).
-8
Let b(w) = 24*w**2 - 23*w**2 + w**3 - 2*w + 0 - 1. Let x be b(-2). Let o be 12/(-3 + x) - (1 + -4). Let m(t) = t**2 - t - 9. What is m(o)?
-9
Suppose 43*v - 47*v + 12 = 0. Let y(p) = -5*p + 4. Let w(s) = -9*s + 9. Let b(x) = -3*w(x) + 5*y(x). What is b(v)?
-1
Let i(s) = 2*s**3 - 87*s**2 + 88*s. Let l be i(1). Let j(k) = -32*k + 94. Give j(l).
-2
Suppose -7*t + 3*t + 8 = 4*m, -3*t = 2*m - 5. Let i(n) = 3*n - 1. Let l be i(1). Let o(d) = m + 9 + d - l*d. What is o(5)?
5
Let j(z) = 2*z**2 - 4*z + 5. Let q be j(3). Let d(g) = q*g**2 + 2*g - 10*g**2 + g - 8*g. Calculate d(7).
14
Let t be 2 + (16/12 - 1)*33. Suppose -t*u + 2*k = -9*u + 24, 0 = k. Let c(j) = -j**2 + 2*j**2 - 8 - 2*j**2 - 7*j. What is c(u)?
-2
Let c(a) be the first derivative of a**4/4 + 20*a**3/3 - 23*a**2/2 - 40*a - 1550. Determine c(-21).
2
Let f(q) = -q**3 - 8*q**2 - 24*q - 114. Let l be f(-7). Let r(w) = 10*w - 46. Determine r(l).
4
Let j(r) = 12*r + 25. Let c be -6 - (24/(-36))/(4/18*1). Determine j(c).
-11
Let p(g) be the second derivative of -g**5/20 + g**4 - 2*g**3 + 3*g**2/2 + 8*g. Let x(v) = 14*v + 249. Let b be x(-17). Determine p(b).
-8
Let i(k) = k**3 - k**2 - 3*k - 40. Suppose -12*u - 2 = -3*j - 14*u, 0 = j - 5*u + 5. Give i(j).
-40
Let x(p) = 2 - 3*p**2 + p**3 - 101*p + 91*p - 7 + 5*p**2. Let j be x(-4). Suppose n - 5*b = -j*b + 14, 15 = -3*b. Let m(c) = c**2 - 5*c. Give m(n).
-4
Suppose 0 = 14818*p - 14837*p. Let f(t) = -t**2 - 4*t - 23. Give f(p).
-23
Let g = 6265 + -6249. Let w(c) = c**2 - 18*c + 37. Calculate w(g).
5
Let f(z) = -7*z**3 + 8*z**2 - 9*z + 11. Let n(b) = -4*b**3 + 9*b**2 - 8*b + 11. Let a(j) = 2*f(j) - 3*n(j). What is a(-6)?
-11
Let z(v) = v**3 - 20*v**2 + 3*v - 29. Let l be z(20). Suppose -20*d + l*d - 737 = 0. Let h = d - 75. Let b(q) = -q**2 - 11*q - 8. What is b(h)?
16
Let i(w) = 5636*w - 65 - 5630*w + 112. Give i(0).
47
Let m(w) = 0*w + 2 - 2*w**2 + 3*w**2 + 0*w**2 + 5*w. Suppose -y - 352 = -186. Let u = y + 162. Give m(u).
-2
Suppose 5*n - 3 = 4*n. Let k(t) = -5*t + 1. Let g(j) be the second derivative of j**3/6 - 30*j. Let p(l) = -6*g(l) - k(l). Determine p(n).
-4
Let j(g) = g**2 - 4*g - 10. Let v(d) = -d**3 + 16*d**2 - 15*d + 9. Let p be v(15). Determine j(p).
35
Let c(d) = d**3 - 92*d**2 + 6*d - 10. Let m(x) = -x**3 + 74*x**2 - 5*x + 9. Let z(u) = 4*c(u) + 5*m(u). Give z(3).
-7
Let k(d) = 6*d + 12. Let g(o) = -5*o - 11. Let l(j) = 5*g(j) + 4*k(j). Suppose -102 + 26 = 4*i + 4*h, -4*i - 83 = 5*h. Give l(i).
5
Let i(s) = s**2 + 29*s + 97. Suppose 3*r + 38 = -46. Determine i(r).
69
Let w(o) = 2391 + o**3 + 2467 - 4865 + 0*o**2 - 10*o + 3*o**2. Give w(-6).
-55
Let l(j) = 6*j**2 + 2*j + 12. Suppose -149*t + 181*t = 96. Determine l(t).
72
Let n(k) = 9*k - 166. Let t(p) = 7*p - 126. Let f(l) = 4*n(l) - 5*t(l). Determine f(-2).
-36
Let w = 900 + -842. Suppose w = 3*g + 67, -5*g = -5*v - 5. Let t(x) = -3*x + 6. Give t(v).
18
Let q = -1934 - -1930. Let c(b) = -b**3 - b**2 + 6*b - 13. Calculate c(q).
11
Let p(k) = 94 + 59*k - 84 - 40*k. Give p(-1).
-9
Let x(o) = 8*o - 3. Let a be (-2 + 1)/(5/(-90)). Let l be (24/(-16))/(a/(-24)). Calculate x(l).
13
Suppose 0 = -0*w - 4*w + 8. Let b be (17/(833/56))/((-28)/(-98)). Suppose -13 = -s + b*z + 13, -3*s = w*z - 8. Let p(j) = -j - 1. Give p(s).
-7
Let s(r) = -r - 10. Let t be 0 - 0 - -8 - 3. Suppose -9*h + t*h + 140 = 0. Suppose -3*p + h = -5*u, -4*p = -6*u + 9*u + 21. Determine s(u).
-3
Let h(p) = -p**2 + p - 6. Suppose -3*b = s - 153, 15 = 2*s + 2*b - 299. Suppose 0 = s*a - 156*a - 9. Determine h(a).
-12
Let m(h) = 1445*h + 1430*h - 2898*h. Give m(4).
-92
Let l(d) = -8*d. Let u(i) = 33*i - 23. Let k(r) = -2*l(r) - u(r). Give k(5).
-62
Let r(m) be the first derivative of m**3/3 - 21*m**2/2 + 29*m + 1946. Give r(18).
-25
Let a(i) = -27*i - 15. Let x(b) = -b**2 + b + 4. Let p be x(2). Let z(d) = -5*d - 3. Let h(l) = p*a(l) - 11*z(l). Calculate h(4).
7
Let t(z) be the second derivative of 2*z**3/3 + 15*z**2/2 - 7000*z. Suppose -4*h - 35 = -5*y, -h - 23 = h + 3*y. What is t(h)?
-25
Let t(c) = -2 - 3*c + c + 3. Suppose 0 = 408*k - 412*k + 24, 0 = h - k + 8. Give t(h).
5
Suppose 5*j = -0*j + 25. Let g(d) = -35*d**3 + d**2 - 2*d + 12. Let n(p) = 23*p**3 + p**2 + 2*p - 10. Let k(x) = 2*g(x) + 3*n(x). Determine k(j).
4
Let i(m) = 12*m - 31. Let p(d) = -d**3 - 9*d**2 - 22*d - 9. Let n be p(-3). Give i(n).
5
Suppose 0 = 2*z - 3*g - 49, 4*z - 92 - 10 = 2*g. Let m(o) = 4 - 45 - o + z. Give m(-5).
-10
Let c(v) = 360*v**3 + v + 1 - 348*v**3 - 3*v + 3*v - 3*v. Suppose i - t = -0 + 2, -3*i + 2*t = -5. What is c(i)?
11
Let l(v) = 7*v**2 - 414*v + 77. Let m be l(59). Let y(x) = 6*x - 112. Calculate y(m).
-4
Let v(b) = -5*b - 55. Suppose -3*s - 21 = 5*l, -5*s + 7 = -l + 70. Determine v(s).
5
Let t(u) be the second derivative of -u**3/3 + 59*u**2/2 - 2*u. Let z be t(27). Let k(g) = g**2 - 6*g + 7. What is k(z)?
2
Let t = 7 - 16. Let n = t - -13. Let r(g) be the first derivative of -g**4/4 + g**3 + 2*g**2 + 3*g + 503. Give r(n).
3
Let n(j) be the second derivative of -j**7/840 + 23*j**4/24 - 21*j**3 - 32*j + 2. Let b(a) be the second derivative of n(a). Give b(0).
23
Let w(c) = 1060*c**2 - 529*c**2 - 533*c**2 + 5*c + 18*c + 8*c. Calculate w(15).
15
Let m(n) = 6*n + 14. Let x = -7 - -13. Let o(q) = -7*q - 15. Let l(c) = x*m(c) + 5*o(c). Let w be l(-14). Let u(f) = f + 2. Calculate u(w).
-3
Let l(v) = 9*v + 20. Suppose -4*d - 26 = -3*i, 2*i + 33 = -5*d + 12. Let t(m) = -22*m - 41. Let p(a) = d*l(a) - 2*t(a). Give p(-6).
-12
Suppose 0 = -4